*y + 5*b = 1610, -3*y - b = -2*b - 986. Let i = y + -325. Let q(u) = u. Calculate q(i).
2
Let f(x) = x. Let p(m) = 21*m - 1. Let w be p(1). Suppose 0 = -217*k + 213*k - w. Calculate f(k).
-5
Let m(g) = g**3 + 6*g**2 + 6*g. Let f be m(-5). Let n(t) = 5*t**2 - 102*t - 7. Let s(r) = 14*r**2 - 290*r - 21. Let x(i) = -17*n(i) + 6*s(i). Calculate x(f).
-2
Let x(l) be the second derivative of -1/2*l**2 - 3*l - 1/2*l**3 + 0 + 1/12*l**4. Suppose 5*y = 26 - 6. What is x(y)?
3
Let t = 5119 - 5142. Let s(w) = -w**3 - 23*w**2 - 2*w - 44. What is s(t)?
2
Let s(n) be the first derivative of n**2 - 6*n + 219. Calculate s(3).
0
Let i = -5912 - -5906. Let n(a) = -a**3 - 7*a**2 - 8*a - 6. Calculate n(i).
6
Let i(p) = p**3 + 34*p**2 + 35*p + 73. Suppose 0 = 3*x + 23*x + 858. Let k be i(x). Let z(d) = d**3 - 8*d**2 + 7*d - 3. Determine z(k).
-3
Let r(v) = v**2 + 3*v - 2. Let q(j) = -j**3 + 5*j**2 + 17*j - 11. Let l(x) = -2*q(x) + 11*r(x). What is l(-1)?
0
Suppose 2*l + 6 = -9*v + 5*v, -2*l = 5*v + 2. Let r(b) = 259 - b**2 + 759 - 1023 - 10*b. Calculate r(l).
-16
Let v(m) = 5*m - 20. Suppose 11*p - 109 + 56 = 46. Calculate v(p).
25
Let k(i) = i**2 - i + 4. Let q(j) = -j**3 + 11*j**2 + 13*j - 16. Let m be q(12). Let s(f) = 2*f + 34. Let c be s(m). Suppose 8*p = c - 2. What is k(p)?
10
Let d be -7 - 28/(6 + -13). Let k be d/(2 - 7/3) + 0. Let w(l) = -l**2 + 10*l. Give w(k).
9
Let a(i) = -5*i**2 + 146*i - 144. Let n be a(28). Let h(z) = z**3 - 24*z**2 + z - 28. Determine h(n).
-4
Let b(r) be the third derivative of -r**5/20 + r**3/6 - r**2. Let a be ((-1)/((-55)/814))/(4/10). Let n be ((-6)/(-9))/(a/(-111)). What is b(n)?
-11
Let p(g) be the third derivative of -g**6/120 - 2*g**5/15 - 5*g**4/24 + 13*g**3/6 - 12*g**2 - g. Let d be p(-7). Let a(j) = 5*j + 1. Give a(d).
-4
Let u be 2077/(-217) + 8/14. Let d(f) be the third derivative of f**5/60 + f**4/3 - 3*f**3/2 + 2*f**2 + 19. Calculate d(u).
0
Let b be ((-27)/12 - -1)/((-35)/(-56)). Let d(q) = -6*q**2. Determine d(b).
-24
Let v(s) = -53830*s - 24 + 45 + s**2 - 25 + 53829*s. Calculate v(3).
2
Let a(r) be the third derivative of r**6/120 + 2*r**5/15 + r**4/3 - 3*r**3 - 110*r**2 + 32. Calculate a(-6).
6
Let u be -24 + 5 + (1 - 2). Let d be ((-6)/(-5))/((-6)/u) + 0. Let k(x) = -x + 3. Calculate k(d).
-1
Let t(n) = 4 + 0 + 1 - 7 - 3*n + 1. Determine t(7).
-22
Let z(p) be the second derivative of -3*p**5/20 + 13*p**4/4 + p**3/6 - 3*p**2 - p - 6478. What is z(13)?
7
Let g(n) = -n**3 + 14*n**2 - 4. Let q be g(14). Let a be 17*(-2 + q*6/(-8)). Let w(o) = o**3 - 18*o**2 + 18*o - 11. What is w(a)?
6
Let r be 24/42 - 188/(-14). Let n = -14 + r. Suppose -3*u - 3*u + 12 = n. Let y(t) = -5*t - 1. What is y(u)?
-11
Suppose -2*o = -0 - 4. Let y(z) = -2*z + 1 - 7*z**o - z**2 - 7*z**2 + 5*z**2. Suppose 14*k + 973 = 987. What is y(k)?
-11
Let b be (1 - -1)*-1 + 1. Let j(x) = -2*x + 18. Let c be j(8). Let h(d) = -30*d**2 + 4*d**c - 23869*d + 23868*d. Determine h(b).
-25
Let y(k) = -4*k**2 + k - 2. Suppose -6*u - 4 = u + 10. Determine y(u).
-20
Let n(x) be the first derivative of -x**5/30 - x**4/8 - x**3/3 + 22*x**2 + 31. Let i(k) be the third derivative of n(k). What is i(-3)?
9
Suppose 0 = -2*s + 4*r + 6, 2*r = -3*s - r + 27. Let m(n) = s*n - 6 + 2 + 0 - n**2. Let o = -10095 + 10100. Give m(o).
6
Let k(p) = -7*p**2 + 31*p - 14. Let r(g) = 16*g + 174 - 182 - 4*g**2 + 5*g**2 - 4*g**2. Let o(i) = -2*k(i) + 5*r(i). Give o(17).
5
Let q be 97 + -4*-2*4/16. Let n(m) = m - 7 + 9 + m**3 - q*m**2 - 2*m + 0 + 98*m**2. Suppose g - 5*l = 7, -5*g + l + 11 = -0*l. Determine n(g).
4
Let a(c) = -c**3 - 9*c**2 - 16*c + 2. Let w = 5622 + -5629. Calculate a(w).
16
Let g(o) = 8*o**2 + 4*o + 7. Suppose 68 - 88 = 5*q. Let l(a) = 8*a**2 + 5*a + 9. Let r(z) = q*g(z) + 3*l(z). Give r(-1).
-8
Suppose -48 = 4*d + 2*h, d + 6*h - 2*h + 26 = 0. Let x(y) = 11 + 2*y**2 - 4*y**2 - 1143*y + 1134*y + y**2. Calculate x(d).
1
Let n(k) = 74*k - 413. Let q be n(5). Let h be (-66)/4*8/3. Let z = h - q. Let r(c) = -3*c**2 - 1. Calculate r(z).
-4
Let z(l) = -l**2 - l + 7. Let r(a) = -5*a**2 + 24*a - 12. Let w(p) = -r(p) + 2*z(p). Determine w(8).
10
Let t(l) = 13*l + 7. Let c = 15123 - 15118. Determine t(c).
72
Let b(g) be the third derivative of g**4/24 + 5*g**3/6 - 1722*g**2. Give b(-14).
-9
Let b(c) = -c**2 - 18*c + 63. Suppose 0 = -2305*y + 2303*y + 6, 106 = -5*n + 2*y. Give b(n).
23
Let d be (-1)/4 + (-228)/64*-4. Let q(z) = -13 + 8*z + 25 - 9*z - z**3 - d. What is q(-2)?
8
Let p(a) be the first derivative of 1/2*a**2 - 4*a - 99. Suppose -5*r - 16 = 19. What is p(r)?
-11
Let h(d) = -d**2 + d - 2. Suppose -2*j + q + 9 = 0, -9 = j + 4*q - 0*q. Suppose 5*v - 17 = v - j*w, 3*v - 2*w = 0. Suppose 0 = -v*f - 7*f. What is h(f)?
-2
Let m(d) = -d - 8. Let c(k) = -45*k - 408. Let v be c(-9). Determine m(v).
-5
Let b(k) = 73*k**2 + 10*k + 23. Let v(h) = 122*h**2 + 21*h + 45. Let r(g) = -5*b(g) + 3*v(g). Calculate r(-11).
-2
Let b(d) = -47*d + 2. Let i(j) = 39*j - 2. Let c(u) = 5*b(u) + 6*i(u). What is c(-4)?
2
Let w(x) = -6*x**2 - 1 - 3*x - x**3 - 2*x - x. Let m = -15 - -17. Suppose m*n = -2 - 8. What is w(n)?
4
Let x(m) = -18*m - 11*m - 6 + 9. Let w(b) = -4*b + 1. Let p(r) = 43*r - 8. Let i(y) = p(y) + 6*w(y). Let a(z) = 7*i(z) + 5*x(z). Give a(1).
-11
Suppose j - 4*n + 5*n = -2, 4*n = -5*j - 5. Let d(h) = 5*h**3 + 0*h**j - h + 3*h - 4*h**3 - 3*h**2 + 10*h**2. Calculate d(-5).
40
Let x(m) = 36*m + 4845796 - 5*m**2 - 4845768 + 17*m**2 + m**3. Give x(-8).
-4
Let i = -40 + 56. Suppose -4*c = 5*o + 45, -4*c + 2*c = 2*o + i. Let a = -4 - o. Let y(s) = s**2 - 8*s - 9. Give y(a).
0
Let y(k) = k**2 - 5*k - 6. Suppose -8*f - 18 = -17*f. Suppose f*d + 8 = 0, 0 = 2*n - d + 3*d - 6. Calculate y(n).
8
Let n(q) = -7*q + 9. Let t(p) = 36*p - 47. Let c(k) = 11*n(k) + 2*t(k). Give c(9).
-40
Let a = 609595 - 609596. Let u = -3 + 6. Let y(v) = -v - u*v + 7*v**2 + 3*v. What is y(a)?
8
Suppose 2*z = 5*t + 10, -z - z + 10 = 4*t. Let i be (108/30)/(6/20). Let g(h) = -15*h**2 - 1 + i*h**2 + h + 4*h**2. Calculate g(t).
-1
Let l(w) = w**2 + 4*w + 3. Let o be l(-2). Let z(g) be the first derivative of 3*g**3/2 + 25*g - 21. Let x(n) be the first derivative of z(n). Calculate x(o).
-9
Let w = -364 + 366. Let r be 19/4 - (w - 9/4). Let j(m) = -m**2 + m + 24. Give j(r).
4
Let x = -3092 + 3110. Let t(d) = -d**2 + 20*d - 26. Calculate t(x).
10
Let v(r) be the third derivative of -r**4/24 + 2*r**3/3 - r**2. Let n = -166 - -157. Let h be 7 + n - 1*(2 - -2). Determine v(h).
10
Let c(o) be the first derivative of 2/3*o**3 - 2*o - 3*o**2 + 146. Calculate c(5).
18
Let b(x) = x**2 - x - 27. Suppose h + 3*u + 1 = 0, 2*h - 11*u - 12 = -10*u. Suppose 4*d = 8*d - h*q - 15, -q - 3 = 0. Determine b(d).
-27
Let z(a) = -10*a**2 + 3 + 6*a**2 - 651*a - 666*a - a**3 + 6 + 1338*a. Calculate z(-6).
-45
Let c(s) be the first derivative of -3*s**2/2 + 6*s + 1371. Determine c(-8).
30
Let b(a) = a - 6. Let t be 4 + (5 - (-3 + 157)). Let u = -151 - t. Determine b(u).
-12
Let m(c) be the third derivative of -c**4/8 + 2*c**3 + 21385*c**2. Suppose -2*u - 2*u - 2*a = -26, 3*a = 4*u - 51. Give m(u).
-15
Let m(o) = -4*o + 2. Let a(b) = b**2 - 8*b + 2. Let p be a(12). Let n = 49 - p. Let k be 6/(-18)*(-6)/n. What is m(k)?
10
Let l(z) = -z**2 - 2*z + 39. Suppose 30*t + 144 = 144. Calculate l(t).
39
Suppose -3*c - 9 = 2*r, r - c + 4 + 3 = 0. Let g(n) be the third derivative of -n**5/60 - n**4/3 - 3*n**3/2 - 8*n**2 + 231. Give g(r).
3
Let s(i) = i**2 + 8*i + 6. Let h be ((-3)/(-2))/(1/(-34)). Let y = 346 + -300. Let r = h + y. What is s(r)?
-9
Let t be ((-2)/(-2))/((-2)/(-6)). Let c = 20 + -18. Suppose -2*d = -c, -t*d - 1 = -a - 0*d. Let b(s) = s - 5. What is b(a)?
-1
Let r(f) = 4*f + 81. Let z(g) = 4*g + 76. Let c(d) = 3*r(d) - 2*z(d). What is c(-24)?
-5
Let r be (-2 + (-4)/30*-21)/((-38)/190). Let n = -5 + 7. Let p(j) = -1 - n*j - 2*j + 2. Determine p(r).
17
Let d(p) = -p**3 - 6*p**2 - p + 3. Let r be -50*5/40 + (-2 - (-36)/16). Determine d(r).
9
Let v(h) = -6982*h + 13968*h + 80 - 6975*h. What is v(-5)?
25
Suppose 17 - 2 = -4*j + 5*t, -25 = j + 3*t. Let h = 10 + j. Let m(s) be the third derivative of -s**5/60 - s**4/24 - s**3/6 - 764*s**2. Calculate m(h).
-1
Let a(f) = f**3 - 9*f**2 + 12*f - 17. Let w be a(7). Let u = 33 + w. Let s(c) = -3*c**2